11544081?
False
Does 28 divide 366052036?
True
Is 628 a factor of 39761342?
False
Is 12 a factor of 14478084?
True
Is 17395588 a multiple of 409?
True
Is 101905925 a multiple of 154?
False
Does 260 divide 160546334?
False
Does 157 divide 91334299?
False
Does 36 divide 1569860089?
False
Does 3626 divide 53871725?
False
Is 1098806568 a multiple of 2351?
False
Does 3 divide 16550413?
False
Does 272 divide 383994732?
False
Does 46 divide 469641780?
False
Is 756746718 a multiple of 3478?
True
Is 1523209900 a multiple of 21?
False
Is 3162 a factor of 567635916?
True
Does 2281 divide 2000119941?
True
Does 422 divide 454032754?
True
Is 25 a factor of 2132799?
False
Is 3 a factor of 5516992?
False
Is 110 a factor of 27266572?
False
Is 27 a factor of 160278775?
False
Is 121 a factor of 215573237?
True
Is 13960760 a multiple of 3?
False
Is 56877804 a multiple of 207?
True
Does 132 divide 2115776955?
False
Is 19359337 a multiple of 24?
False
Is 5 a factor of 10838309?
False
Is 5174840 a multiple of 23?
False
Does 67 divide 92575240?
True
Is 48736899 a multiple of 7029?
False
Does 495 divide 1773684?
False
Is 58 a factor of 138763144?
True
Does 919 divide 2498370232?
False
Is 111340662 a multiple of 21?
False
Is 433499836 a multiple of 44?
True
Is 1478 a factor of 689816594?
True
Is 801 a factor of 285292971?
True
Is 679 a factor of 3730477224?
False
Is 62655806 a multiple of 6?
False
Does 8 divide 68757830?
False
Does 1374 divide 1050069882?
True
Is 179 a factor of 90909113?
False
Is 519061 a multiple of 16?
False
Is 111125485 a multiple of 2521?
False
Does 17 divide 325977353?
False
Does 24 divide 487818220?
False
Does 150 divide 1063976250?
True
Is 243 a factor of 19585314?
True
Is 10105676 a multiple of 350?
False
Does 537 divide 212532249?
True
Is 76 a factor of 3745518978?
False
Is 119408520 a multiple of 330?
True
Is 2945 a factor of 944349590?
True
Is 7 a factor of 261482298?
True
Is 11842082 a multiple of 2159?
False
Is 365084 a multiple of 214?
True
Is 6930 a factor of 92350651?
False
Does 189 divide 36539927?
False
Is 44286480 a multiple of 945?
True
Is 314 a factor of 4282332?
True
Is 305684690 a multiple of 7?
False
Is 381 a factor of 25202769?
True
Is 17833311 a multiple of 24?
False
Is 33 a factor of 6697534?
False
Is 7134 a factor of 1071448326?
True
Does 821 divide 48035068?
True
Is 13417880 a multiple of 1939?
True
Is 179 a factor of 40370765?
True
Is 632439625 a multiple of 2875?
True
Does 17 divide 833939045?
False
Is 23810224 even?
True
Is 8206967584 a multiple of 508?
True
Is 514 a factor of 606622286?
True
Does 148 divide 1999656564?
True
Is 47454498 even?
True
Does 12 divide 10123656?
True
Is 187489684 a multiple of 2147?
False
Does 405 divide 210308805?
True
Is 58323150 a multiple of 45?
True
Does 25 divide 386605003?
False
Is 216 a factor of 1262853?
False
Does 575 divide 467460643?
False
Is 1148 a factor of 530859308?
True
Is 213 a factor of 84627456?
True
Is 78089642 a multiple of 36?
False
Is 62 a factor of 66049279?
False
Is 112 a factor of 249601520?
True
Does 1296 divide 43988450?
False
Is 349 a factor of 64425051?
True
Is 11696113 a multiple of 51?
False
Is 1780 a factor of 14329000?
True
Is 301 a factor of 1783425?
True
Is 218 a factor of 481195366?
False
Is 107 a factor of 59136867?
True
Is 1072 a factor of 29583196?
False
Is 692594064 a multiple of 279?
True
Is 310 a factor of 7565550?
True
Is 2604755156 a multiple of 37?
True
Is 24 a factor of 661540992?
True
Is 28580478 a multiple of 83?
False
Does 20 divide 926444160?
True
Is 72848751 a multiple of 571?
True
Is 915 a factor of 36192825?
True
Does 20 divide 1778894360?
True
Is 2861409269 a multiple of 85?
False
Is 100040316 a multiple of 1151?
True
Is 3048 a factor of 48935915?
False
Is 43818720 a multiple of 130?
False
Does 21 divide 17502492?
True
Is 134196736 a multiple of 4?
True
Is 2311522843 a multiple of 14?
False
Is 370 a factor of 5235067?
False
Does 2 divide 110718564?
True
Is 1458 a factor of 3146360951?
False
Is 4479689210 a multiple of 17?
True
Is 210 a factor of 2547430410?
True
Does 4 divide 147712972?
True
Is 63282010 a multiple of 5?
True
Is 1671 a factor of 133564701?
True
Is 10 a factor of 49870160?
True
Is 5995 a factor of 1916822253?
False
Is 843557967 a multiple of 395?
False
Is 4 a factor of 149647844?
True
Is 7182303 a multiple of 632?
False
Does 125 divide 61544283?
False
Does 348 divide 455065112?
False
Is 16 a factor of 1278019894?
False
Does 167 divide 245261327?
False
Does 2740 divide 428489420?
True
Does 8146 divide 694071784?
True
Does 88 divide 481709360?
True
Is 1231 a factor of 767093957?
True
Does 28 divide 2523052?
True
Is 190909264 a multiple of 1729?
True
Does 14 divide 280845488?
True
Is 19 a factor of 884724568?
False
Is 53 a factor of 51706005?
True
Is 334374640 a multiple of 968?
False
Is 50788648 a multiple of 8?
True
Is 3292 a factor of 68371548?
True
Does 748 divide 4327180?
True
Does 30 divide 65144517?
False
Is 15 a factor of 250601?
False
Is 8415206 a multiple of 74?
True
Does 154 divide 269598844?
False
Does 4261 divide 774619973?
True
Does 2449 divide 444434724?
True
Is 223 a factor of 314652777?
True
Does 98 divide 721476?
True
Does 953 divide 29657534?
False
Is 47110680 a multiple of 120?
True
Is 5 a factor of 38738505?
True
Is 259 a factor of 40935468?
True
Does 1079 divide 16199027?
True
Is 2 a factor of 125371689?
False
Does 271 divide 889557358?
False
Is 32607629 a multiple of 589?
True
Does 55 divide 643154325?
True
Is 3 a factor of 17949249?
True
Is 270 a factor of 580147380?
True
Does 1172 divide 1342045890?
False
Does 2598 divide 170005326?
True
Is 32265884 a multiple of 28?
True
Does 2068 divide 53226184?
True
Is 71116201 a multiple of 929?
False
Does 178 divide 5149063621?
False
Is 713340096 a multiple of 96?
True
Is 58264384 a multiple of 2?
True
Does 2 divide 187683?
False
Does 2606 divide 12245594?
True
Is 34 a factor of 218808155?
False
Is 169445904 a multiple of 12?
True
Does 9 divide 9060408?
True
Does 2632 divide 841393?
False
Is 153060216 a multiple of 552?
True
Does 5 divide 16490748?
False
Does 35 divide 115182280?
False
Is 34575 a multiple of 3?
True
Is 144 a factor of 393556464?
True
Is 161975 a multiple of 475?
True
Does 61 divide 50220392?
False
Does 48 divide 545216977?
False
Is 28030710 a multiple of 5?
True
Is 455976788 a multiple of 74?
False
Does 1390 divide 22909562?
False
Is 4927824 a multiple of 350?
False
Is 7 a factor of 662536680?
False
Does 511 divide 75112401?
True
Is 778 a factor of 13123304?
True
Does 19 divide 2831259198?
True
Is 7 a factor of 214045595?
False
Is 92873144 a multiple of 58?
False
Is 24 a factor of 2020913232?
True
Is 6 a factor of 5317254?
True
Is 17 a factor of 4087601822?
True
Is 214256361 a multiple of 37?
False
Does 28 divide 118926832?
False
Does 37 divide 13090726?
False
Is 13582095 a multiple of 33?
False
Is 295 a factor of 50814832?
False
Is 2839275488 a multiple of 133?
True
Does 47 divide 76955638?
True
Is 14 a factor of 80682602?
True
Is 148589316 a multiple of 324?
True
Is 143770326 a multiple of 51?
True
Does 21 divide 32257622?
False
Does 214 divide 1130208044?
True
Is 549 a factor of 1881386619?
False
Does 10 divide 120933674?
False
Does 5001 divide 389832951?
True
Is 45497430 a multiple of 18?
True
Is 2469 a factor of 412616644?
False
Does 1201 divide 364665635?
True
Is 44230826 a multiple of 868?
False
Is 16 a factor of 104924992?
True
Is 287677307 a multiple of 15?
False
Does 520 divide 52235812?
False
Is 193497310 a multiple of 5?
True
Is 485 a factor of 98345390?
True
Is 763 a factor of 416020199?
False
Is 97560020 a multiple of 65?
False
Is 41823015 a multiple of 139?
True
Is 210 a factor of 61981994?
False
Is 6808760 a multiple of 28?
True
Is 160 a factor of 114071680?
True
Does 48 divide 252035313?
False
Is 148 a factor of 822571592?
False
Is 696 a factor of 237091082?
False
Is 844 a factor of 1904876772?
True
Is 255770755 a multiple of 4443?
False
Does 1502 divide 924599511?
False
Does 383 divide 473614736?
True
Is 32573907 a multiple of 81?
True
Is 2810267120 a multiple of 119?
False
Is 297547386 a multiple of 1263?
False
Is 257702705 a multiple of 65?
True
Is 644 a factor of 15978815?
False
Does 2848 divide 39581259?
False
Is 123 a 